{"id":69,"date":"2025-09-21T21:03:13","date_gmt":"2025-09-21T21:03:13","guid":{"rendered":"https:\/\/congresoaseguramiento.incp.org.co\/?page_id=69"},"modified":"2025-09-24T19:54:38","modified_gmt":"2025-09-24T19:54:38","slug":"conferencista-03","status":"publish","type":"page","link":"https:\/\/congresoaseguramiento.incp.org.co\/conferencista-03\/","title":{"rendered":"Diego Lara"},"content":{"rendered":"\n<div class=\"wp-block-columns is-layout-flex wp-container-core-columns-is-layout-9d6595d7 wp-block-columns-is-layout-flex\">\n<div class=\"wp-block-column is-layout-flow wp-block-column-is-layout-flow\">\n<figure class=\"wp-block-gallery has-nested-images columns-default is-cropped wp-block-gallery-1 is-layout-flex wp-block-gallery-is-layout-flex\">\n<figure class=\"wp-block-image size-full\"><img loading=\"lazy\" decoding=\"async\" width=\"402\" height=\"401\" data-id=\"547\" src=\"https:\/\/congresoaseguramiento.incp.org.co\/wp-content\/uploads\/2025\/09\/Mesa-de-trabajo-1-copia-12-100.jpg\" alt=\"\" class=\"wp-image-547\" srcset=\"https:\/\/congresoaseguramiento.incp.org.co\/wp-content\/uploads\/2025\/09\/Mesa-de-trabajo-1-copia-12-100.jpg 402w, https:\/\/congresoaseguramiento.incp.org.co\/wp-content\/uploads\/2025\/09\/Mesa-de-trabajo-1-copia-12-100-300x300.jpg 300w, https:\/\/congresoaseguramiento.incp.org.co\/wp-content\/uploads\/2025\/09\/Mesa-de-trabajo-1-copia-12-100-150x150.jpg 150w\" sizes=\"auto, (max-width: 402px) 100vw, 402px\" \/><\/figure>\n<\/figure>\n<\/div>\n\n\n\n<div class=\"wp-block-column is-layout-flow wp-block-column-is-layout-flow\">\n<h5 class=\"wp-block-heading\" style=\"font-size:20px\">Socio de Auditor\u00eda en PwC\n\u200b<\/h5>\n\n\n\n<p style=\"text-align:justify\">Profesional con m\u00e1s de 15 a\u00f1os de experiencia en el sector real, retail y automotriz, direccionando el desarrollo de proyectos de auditor\u00eda y revisor\u00eda fiscal. <br><br>\n\nHa participado en proyectos de convergencia de normas internacionales en Colombia y M\u00e9xico. Asimismo, cuenta con una amplia experiencia en ejecuci\u00f3n de proyectos bajo est\u00e1ndares del Consejo de Supervisi\u00f3n Contable de Compa\u00f1\u00edas P\u00fablicas (PCAOB, por sus siglas en ingl\u00e9s). <br><br>\n\nActualmente se desempe\u00f1a como Socio\u00a0de Auditor\u00eda en PwC. \n\u200b<\/p>\n<\/div>\n<\/div>\n\n\n\n<hr class=\"wp-block-separator has-alpha-channel-opacity\"\/>\n\n\n\n<p><\/p>\n","protected":false},"excerpt":{"rendered":"<p>Socio de Auditor\u00eda en PwC \u200b Profesional con m\u00e1s de 15 a\u00f1os de experiencia en el sector real, retail y automotriz, direccionando el desarrollo de proyectos de auditor\u00eda y revisor\u00eda fiscal. Ha participado en proyectos de convergencia de normas internacionales en Colombia y M\u00e9xico. Asimismo, cuenta con una amplia experiencia en ejecuci\u00f3n de proyectos bajo &hellip; <\/p>\n","protected":false},"author":2,"featured_media":0,"parent":0,"menu_order":0,"comment_status":"closed","ping_status":"closed","template":"","meta":{"footnotes":""},"class_list":["post-69","page","type-page","status-publish","hentry"],"_links":{"self":[{"href":"https:\/\/congresoaseguramiento.incp.org.co\/index.php\/wp-json\/wp\/v2\/pages\/69","targetHints":{"allow":["GET"]}}],"collection":[{"href":"https:\/\/congresoaseguramiento.incp.org.co\/index.php\/wp-json\/wp\/v2\/pages"}],"about":[{"href":"https:\/\/congresoaseguramiento.incp.org.co\/index.php\/wp-json\/wp\/v2\/types\/page"}],"author":[{"embeddable":true,"href":"https:\/\/congresoaseguramiento.incp.org.co\/index.php\/wp-json\/wp\/v2\/users\/2"}],"replies":[{"embeddable":true,"href":"https:\/\/congresoaseguramiento.incp.org.co\/index.php\/wp-json\/wp\/v2\/comments?post=69"}],"version-history":[{"count":9,"href":"https:\/\/congresoaseguramiento.incp.org.co\/index.php\/wp-json\/wp\/v2\/pages\/69\/revisions"}],"predecessor-version":[{"id":570,"href":"https:\/\/congresoaseguramiento.incp.org.co\/index.php\/wp-json\/wp\/v2\/pages\/69\/revisions\/570"}],"wp:attachment":[{"href":"https:\/\/congresoaseguramiento.incp.org.co\/index.php\/wp-json\/wp\/v2\/media?parent=69"}],"curies":[{"name":"wp","href":"https:\/\/api.w.org\/{rel}","templated":true}]}}