{"id":66,"date":"2025-09-21T21:02:32","date_gmt":"2025-09-21T21:02:32","guid":{"rendered":"https:\/\/congresoaseguramiento.incp.org.co\/?page_id=66"},"modified":"2025-09-24T19:46:36","modified_gmt":"2025-09-24T19:46:36","slug":"conferencista-02","status":"publish","type":"page","link":"https:\/\/congresoaseguramiento.incp.org.co\/conferencista-02\/","title":{"rendered":"Claudia Ca\u00f1as\u200b"},"content":{"rendered":"\n<div class=\"wp-block-columns is-layout-flex wp-container-core-columns-is-layout-9d6595d7 wp-block-columns-is-layout-flex\">\n<div class=\"wp-block-column is-layout-flow wp-block-column-is-layout-flow\">\n<figure class=\"wp-block-image size-full is-resized\"><img loading=\"lazy\" decoding=\"async\" width=\"402\" height=\"401\" src=\"https:\/\/congresoaseguramiento.incp.org.co\/wp-content\/uploads\/2025\/09\/Mesa-de-trabajo-1-copia-14-100.jpg\" alt=\"\" class=\"wp-image-549\" style=\"width:414px;height:auto\" srcset=\"https:\/\/congresoaseguramiento.incp.org.co\/wp-content\/uploads\/2025\/09\/Mesa-de-trabajo-1-copia-14-100.jpg 402w, https:\/\/congresoaseguramiento.incp.org.co\/wp-content\/uploads\/2025\/09\/Mesa-de-trabajo-1-copia-14-100-300x300.jpg 300w, https:\/\/congresoaseguramiento.incp.org.co\/wp-content\/uploads\/2025\/09\/Mesa-de-trabajo-1-copia-14-100-150x150.jpg 150w\" sizes=\"auto, (max-width: 402px) 100vw, 402px\" \/><\/figure>\n<\/div>\n\n\n\n<div class=\"wp-block-column is-layout-flow wp-block-column-is-layout-flow\">\n<h5 class=\"wp-block-heading\" style=\"font-size:20px\">Socia de KPMG\u200b<\/h5>\n\n\n\n<p style=\"text-align:justify\">Contadora p\u00fablica de la Pontificia Universidad Javeriana con un MBA Ejecutivo del Instituto Superior de Educaci\u00f3n, Administraci\u00f3n y Desarrollo de Madrid.<br><br>\n\nActualmente es socia de KPMG con m\u00e1s de 25 a\u00f1os de experiencia en auditor\u00edas para compa\u00f1\u00edas del sector petrolero, laboratorios farmac\u00e9uticos, sector industrial, comercial y de servicios. Lidera en la firma los temas de pr\u00e1ctica profesional.\u200b<br><br>\n\nMiembro del Comit\u00e9 de Aseguramiento del Consejo T\u00e9cnico de la Contadur\u00eda P\u00fablica.<\/p>\n<\/div>\n<\/div>\n\n\n\n<hr class=\"wp-block-separator has-alpha-channel-opacity\"\/>\n\n\n\n<p><\/p>\n","protected":false},"excerpt":{"rendered":"<p>Socia de KPMG\u200b Contadora p\u00fablica de la Pontificia Universidad Javeriana con un MBA Ejecutivo del Instituto Superior de Educaci\u00f3n, Administraci\u00f3n y Desarrollo de Madrid. Actualmente es socia de KPMG con m\u00e1s de 25 a\u00f1os de experiencia en auditor\u00edas para compa\u00f1\u00edas del sector petrolero, laboratorios farmac\u00e9uticos, sector industrial, comercial y de servicios. Lidera en la firma &hellip; <\/p>\n","protected":false},"author":2,"featured_media":0,"parent":0,"menu_order":0,"comment_status":"closed","ping_status":"closed","template":"","meta":{"footnotes":""},"class_list":["post-66","page","type-page","status-publish","hentry"],"_links":{"self":[{"href":"https:\/\/congresoaseguramiento.incp.org.co\/index.php\/wp-json\/wp\/v2\/pages\/66","targetHints":{"allow":["GET"]}}],"collection":[{"href":"https:\/\/congresoaseguramiento.incp.org.co\/index.php\/wp-json\/wp\/v2\/pages"}],"about":[{"href":"https:\/\/congresoaseguramiento.incp.org.co\/index.php\/wp-json\/wp\/v2\/types\/page"}],"author":[{"embeddable":true,"href":"https:\/\/congresoaseguramiento.incp.org.co\/index.php\/wp-json\/wp\/v2\/users\/2"}],"replies":[{"embeddable":true,"href":"https:\/\/congresoaseguramiento.incp.org.co\/index.php\/wp-json\/wp\/v2\/comments?post=66"}],"version-history":[{"count":8,"href":"https:\/\/congresoaseguramiento.incp.org.co\/index.php\/wp-json\/wp\/v2\/pages\/66\/revisions"}],"predecessor-version":[{"id":554,"href":"https:\/\/congresoaseguramiento.incp.org.co\/index.php\/wp-json\/wp\/v2\/pages\/66\/revisions\/554"}],"wp:attachment":[{"href":"https:\/\/congresoaseguramiento.incp.org.co\/index.php\/wp-json\/wp\/v2\/media?parent=66"}],"curies":[{"name":"wp","href":"https:\/\/api.w.org\/{rel}","templated":true}]}}