{"id":652,"date":"2025-10-27T16:30:31","date_gmt":"2025-10-27T16:30:31","guid":{"rendered":"https:\/\/congresoaseguramiento.incp.org.co\/?page_id=652"},"modified":"2025-11-04T16:04:50","modified_gmt":"2025-11-04T16:04:50","slug":"lina-astrid-cardona-suarez","status":"publish","type":"page","link":"https:\/\/congresoaseguramiento.incp.org.co\/indexphp\/lina-astrid-cardona-suarez\/","title":{"rendered":"Lina Astrid Cardona Su\u00e1rez\u200b"},"content":{"rendered":"\n<div class=\"wp-block-columns is-layout-flex wp-container-core-columns-is-layout-9d6595d7 wp-block-columns-is-layout-flex\">\n<div class=\"wp-block-column is-layout-flow wp-block-column-is-layout-flow\">\n<p><a>&nbsp;<\/a><\/p>\n\n\n\n<figure class=\"wp-block-image size-full\"><img loading=\"lazy\" decoding=\"async\" width=\"803\" height=\"803\" src=\"https:\/\/congresoaseguramiento.incp.org.co\/wp-content\/uploads\/2025\/11\/Mesa-de-trabajo-1-copia-20@2x-100.jpg\" alt=\"\" class=\"wp-image-665\" srcset=\"https:\/\/congresoaseguramiento.incp.org.co\/wp-content\/uploads\/2025\/11\/Mesa-de-trabajo-1-copia-20@2x-100.jpg 803w, https:\/\/congresoaseguramiento.incp.org.co\/wp-content\/uploads\/2025\/11\/Mesa-de-trabajo-1-copia-20@2x-100-300x300.jpg 300w, https:\/\/congresoaseguramiento.incp.org.co\/wp-content\/uploads\/2025\/11\/Mesa-de-trabajo-1-copia-20@2x-100-150x150.jpg 150w, https:\/\/congresoaseguramiento.incp.org.co\/wp-content\/uploads\/2025\/11\/Mesa-de-trabajo-1-copia-20@2x-100-768x768.jpg 768w, https:\/\/congresoaseguramiento.incp.org.co\/wp-content\/uploads\/2025\/11\/Mesa-de-trabajo-1-copia-20@2x-100-470x470.jpg 470w\" sizes=\"auto, (max-width: 803px) 100vw, 803px\" \/><\/figure>\n<\/div>\n\n\n\n<div class=\"wp-block-column is-layout-flow wp-block-column-is-layout-flow\">\n<h5 class=\"wp-block-heading\" style=\"font-size:20px\">Socia Regi\u00f3n Antioquia y Eje Cafetero de Grant Thornton\u200b<\/h5>\n\n\n\n<p style=\"text-align:justify\">Contadora P\u00fablica de la Universidad Libre, especialista en NIIF de la Pontificia Universidad Javeriana y graduada con el reconocimiento al M\u00e9rito Acad\u00e9mico, con formaci\u00f3n complementaria en US GAAP, Normas Internacionales de Auditor\u00eda, COSO y est\u00e1ndares PCAOB. Con m\u00e1s de 20 a\u00f1os de experiencia, ha liderado auditor\u00edas internas y externas en m\u00faltiples sectores econ\u00f3micos. \u200b\n<br><br>\nHa trabajado en proyectos de implementaci\u00f3n de SAP, investigaciones de fraude y automatizaci\u00f3n de procesos, adem\u00e1s de ejercer como revisor fiscal y consultora para empresas multinacionales. Es miembro activo del Instituto de Auditor\u00eda Interna de Colombia y reconocida por su liderazgo en el aseguramiento y cumplimiento normativo.\n\n<\/p>\n<\/div>\n<\/div>\n","protected":false},"excerpt":{"rendered":"<p>&nbsp; Socia Regi\u00f3n Antioquia y Eje Cafetero de Grant Thornton\u200b Contadora P\u00fablica de la Universidad Libre, especialista en NIIF de la Pontificia Universidad Javeriana y graduada con el reconocimiento al M\u00e9rito Acad\u00e9mico, con formaci\u00f3n complementaria en US GAAP, Normas Internacionales de Auditor\u00eda, COSO y est\u00e1ndares PCAOB. Con m\u00e1s de 20 a\u00f1os de experiencia, ha liderado &hellip; <\/p>\n","protected":false},"author":1,"featured_media":0,"parent":0,"menu_order":0,"comment_status":"closed","ping_status":"closed","template":"","meta":{"footnotes":""},"class_list":["post-652","page","type-page","status-publish","hentry"],"_links":{"self":[{"href":"https:\/\/congresoaseguramiento.incp.org.co\/index.php\/wp-json\/wp\/v2\/pages\/652","targetHints":{"allow":["GET"]}}],"collection":[{"href":"https:\/\/congresoaseguramiento.incp.org.co\/index.php\/wp-json\/wp\/v2\/pages"}],"about":[{"href":"https:\/\/congresoaseguramiento.incp.org.co\/index.php\/wp-json\/wp\/v2\/types\/page"}],"author":[{"embeddable":true,"href":"https:\/\/congresoaseguramiento.incp.org.co\/index.php\/wp-json\/wp\/v2\/users\/1"}],"replies":[{"embeddable":true,"href":"https:\/\/congresoaseguramiento.incp.org.co\/index.php\/wp-json\/wp\/v2\/comments?post=652"}],"version-history":[{"count":2,"href":"https:\/\/congresoaseguramiento.incp.org.co\/index.php\/wp-json\/wp\/v2\/pages\/652\/revisions"}],"predecessor-version":[{"id":668,"href":"https:\/\/congresoaseguramiento.incp.org.co\/index.php\/wp-json\/wp\/v2\/pages\/652\/revisions\/668"}],"wp:attachment":[{"href":"https:\/\/congresoaseguramiento.incp.org.co\/index.php\/wp-json\/wp\/v2\/media?parent=652"}],"curies":[{"name":"wp","href":"https:\/\/api.w.org\/{rel}","templated":true}]}}