{"id":607,"date":"2025-10-02T20:34:19","date_gmt":"2025-10-02T20:34:19","guid":{"rendered":"https:\/\/congresoaseguramiento.incp.org.co\/?page_id=607"},"modified":"2025-10-02T21:18:54","modified_gmt":"2025-10-02T21:18:54","slug":"andres-sanchez","status":"publish","type":"page","link":"https:\/\/congresoaseguramiento.incp.org.co\/indexphp\/andres-sanchez\/","title":{"rendered":"Andr\u00e9s S\u00e1nchez"},"content":{"rendered":"\n<div class=\"wp-block-columns is-layout-flex wp-container-core-columns-is-layout-9d6595d7 wp-block-columns-is-layout-flex\">\n<div class=\"wp-block-column is-layout-flow wp-block-column-is-layout-flow\">\n<figure class=\"wp-block-image size-full is-resized\"><img loading=\"lazy\" decoding=\"async\" width=\"803\" height=\"803\" src=\"https:\/\/congresoaseguramiento.incp.org.co\/wp-content\/uploads\/2025\/10\/Mesa-de-trabajo-1-copia-16@2x-100.jpg\" alt=\"\" class=\"wp-image-622\" style=\"width:416px;height:auto\" srcset=\"https:\/\/congresoaseguramiento.incp.org.co\/wp-content\/uploads\/2025\/10\/Mesa-de-trabajo-1-copia-16@2x-100.jpg 803w, https:\/\/congresoaseguramiento.incp.org.co\/wp-content\/uploads\/2025\/10\/Mesa-de-trabajo-1-copia-16@2x-100-300x300.jpg 300w, https:\/\/congresoaseguramiento.incp.org.co\/wp-content\/uploads\/2025\/10\/Mesa-de-trabajo-1-copia-16@2x-100-150x150.jpg 150w, https:\/\/congresoaseguramiento.incp.org.co\/wp-content\/uploads\/2025\/10\/Mesa-de-trabajo-1-copia-16@2x-100-768x768.jpg 768w, https:\/\/congresoaseguramiento.incp.org.co\/wp-content\/uploads\/2025\/10\/Mesa-de-trabajo-1-copia-16@2x-100-470x470.jpg 470w\" sizes=\"auto, (max-width: 803px) 100vw, 803px\" \/><\/figure>\n<\/div>\n\n\n\n<div class=\"wp-block-column is-layout-flow wp-block-column-is-layout-flow\">\n<h5 class=\"wp-block-heading\" style=\"font-size:20px\">Socio de auditor\u00eda en Deloitte<\/h5>\n\n\n\n<p style=\"text-align:justify\">Cuenta con m\u00e1s de 16 a\u00f1os de experiencia en Deloitte, donde ha desarrollado su trayectoria en cargos como auditor, gerente y senior manager hasta llegar a su rol actual. Ha liderado proyectos de auditor\u00eda financiera, revisor\u00eda fiscal y aseguramiento bajo est\u00e1ndares internacionales, trabajando con compa\u00f1\u00edas de diferentes sectores y contribuyendo al fortalecimiento de la calidad y la confianza en la informaci\u00f3n financiera.<br><br>\n\nEs contador p\u00fablico de la Universidad de La Salle y especialista en Contabilidad Financiera de la Pontificia Universidad Javeriana, instituci\u00f3n en la que adem\u00e1s se desempe\u00f1a como profesor en programas de posgrado en contabilidad, aseguramiento y control interno. Adem\u00e1s, es docente de pregrado en Contadur\u00eda P\u00fablica en la Universidad Externado de Colombia.<\/p>\n<\/div>\n<\/div>\n","protected":false},"excerpt":{"rendered":"<p>Socio de auditor\u00eda en Deloitte Cuenta con m\u00e1s de 16 a\u00f1os de experiencia en Deloitte, donde ha desarrollado su trayectoria en cargos como auditor, gerente y senior manager hasta llegar a su rol actual. Ha liderado proyectos de auditor\u00eda financiera, revisor\u00eda fiscal y aseguramiento bajo est\u00e1ndares internacionales, trabajando con compa\u00f1\u00edas de diferentes sectores y contribuyendo &hellip; <\/p>\n","protected":false},"author":1,"featured_media":0,"parent":0,"menu_order":0,"comment_status":"closed","ping_status":"closed","template":"","meta":{"footnotes":""},"class_list":["post-607","page","type-page","status-publish","hentry"],"_links":{"self":[{"href":"https:\/\/congresoaseguramiento.incp.org.co\/index.php\/wp-json\/wp\/v2\/pages\/607","targetHints":{"allow":["GET"]}}],"collection":[{"href":"https:\/\/congresoaseguramiento.incp.org.co\/index.php\/wp-json\/wp\/v2\/pages"}],"about":[{"href":"https:\/\/congresoaseguramiento.incp.org.co\/index.php\/wp-json\/wp\/v2\/types\/page"}],"author":[{"embeddable":true,"href":"https:\/\/congresoaseguramiento.incp.org.co\/index.php\/wp-json\/wp\/v2\/users\/1"}],"replies":[{"embeddable":true,"href":"https:\/\/congresoaseguramiento.incp.org.co\/index.php\/wp-json\/wp\/v2\/comments?post=607"}],"version-history":[{"count":3,"href":"https:\/\/congresoaseguramiento.incp.org.co\/index.php\/wp-json\/wp\/v2\/pages\/607\/revisions"}],"predecessor-version":[{"id":623,"href":"https:\/\/congresoaseguramiento.incp.org.co\/index.php\/wp-json\/wp\/v2\/pages\/607\/revisions\/623"}],"wp:attachment":[{"href":"https:\/\/congresoaseguramiento.incp.org.co\/index.php\/wp-json\/wp\/v2\/media?parent=607"}],"curies":[{"name":"wp","href":"https:\/\/api.w.org\/{rel}","templated":true}]}}